ue of -15 + 11 + 14 + -11 - (25 + 1)?
-27
What is the value of -11 - -7 - -6 - 3?
-1
Calculate 6 + -10 + -7 + 16.
5
Evaluate (18 - (-6 + 7)) + -6 + -1 + 1.
11
Calculate -14 - -3 - (11 + (16 - 30)).
-8
What is -399 - -449 - (35 + -1)?
16
What is the value of (-252 - -227) + (0 - 1) + 0 + 2?
-24
5 + -4 + -6 + -2 - (24 + -23)
-8
Calculate (6 - -8) + (-1 - 17 - -14).
10
Evaluate 25 + (5 - 5 - -7) + -15 - -11.
28
-8 + (12 - 1) + -5 + -4 + -3
-9
Calculate -7 + (3 - 21 - (-12 - 2)).
-11
Calculate 1 + -8 + (-11 + 12 + -11 - -16).
-1
What is -2 + (-3 - (-6 + 6)) - 6?
-11
Calculate 4 + (7 - 18) - (6 + -1).
-12
(6 - 8) + 4 + 7
9
1 + -7 + 15 - -5
14
What is the value of 7 + -5 + (4 - (2 - -9)) + 9?
4
What is (14 + -7 + -14 - -5 - 2) + 33?
29
What is (13 - (-11 - 1)) + -12?
13
What is the value of (-35 - -2) + 4 + (4 + -3 - -11)?
-17
Calculate (-5 - 19) + (-13 - -17).
-20
Evaluate 8 + (22 - 47) + -10.
-27
What is (7 - (-4 - (-5 + -7))) + -4?
-5
What is the value of 1 + 9 + 9 + (-6 - 1)?
12
What is 9 - (2 - 4 - -12) - -7?
6
7 - ((-20 - -6) + -5) - (10 + -2)
18
Calculate 42 - (40 + -23 + 51).
-26
What is (-11 - 0 - -16) + (16 - 2)?
19
What is (-2 + 0 - 0) + -581 + 571?
-12
Calculate -7 + 0 - ((-6 + 9 - 1) + -5).
-4
What is -66 + 63 - (2 - (2 + -2 + -5))?
-10
(-24 - (6 - 20)) + 19
9
Evaluate 2 + -29 + (5 - (-10 - -16)) + 5.
-23
What is the value of -17 + (-4 - -4) + (-10 - (-11 - -1))?
-17
-18 - (12 - 11 - 13)
-6
5 - (-21 + -9 + 17)
18
What is the value of (-10 - (-7 + -7 - -9)) + (-4 - -28)?
19
What is the value of -33 + (34 - 13) - -17?
5
Evaluate -2 + -2 + (-18 - -21) + 0 + -11.
-12
What is the value of 12 - 0 - (-12 + (23 - 6))?
7
-20 - -3 - -12 - -11
6
What is the value of -21 + (-17 - (-14 + 7 - 4))?
-27
What is the value of 17 + (12 - (-2 + 16))?
15
Calculate 1 + (-1 - -1) - -14.
15
What is 35 + -13 + 12 + -20?
14
What is -24 + (15 - (20 - 17) - -5)?
-7
Calculate 3 - (5 - -3) - 0 - (2 + -4).
-3
Calculate 9 - (10 + 16) - -11.
-6
What is 358 + -365 - (-1 - 14) - (0 + 2)?
6
Calculate -1 + (-2 - (7 + -3 - 6)) - 30.
-31
Calculate 20 + (-13 - (-21 + 14)).
14
Calculate (7 - (-5 + 4)) + (12 - 7).
13
What is -4 - (-27 + 18) - (-2 - -1)?
6
(47 - 36) + (-3 - -4) + -3 + 6
15
Evaluate 8 + (-23 - (7 - 22)).
0
What is -1 + (8 - (1 + 8)) + (0 - 6)?
-8
What is -9 - -17 - (-1 - -11)?
-2
Calculate (145 - 154) + 4 + 13.
8
What is -39 + 35 + 1 + 10 + -2?
5
Calculate -4 - 4 - (-3 - -2 - (4 - 9)).
-12
What is the value of -3 - (71 + -37 - 26)?
-11
-33 + 35 + 1 + (4 - (-5 + -8))
20
What is -21 - -28 - -13 - 0?
20
What is 1 - (-7 - 12 - -6 - -1)?
13
What is the value of (26 - 72) + 20 + 46?
20
39 + (-22 - -2) - (5 - (1 - 0))
15
What is the value of 4 - ((-4 - 0 - (0 - 1)) + 2)?
5
Evaluate 4 - (-2 + 14) - -14.
6
0 + -14 + 5 + -3 + 1
-11
What is 934 + -952 - (-10 - 1)?
-7
Evaluate -3 + -21 + (6 - (5 + -2 + 1)).
-22
What is 31 + (-2 - -12) + -16 + -13?
12
11 - (1 + -1 + 24)
-13
Calculate (-24 - (-26 - (-1 - 10))) + 1 + 32.
24
18 + (-9 - (-19 - -15))
13
Calculate -9 - (-2 + (-20 - -24) - -3).
-14
What is the value of -2 + (10 + 4 + -7 - -6)?
11
Calculate -24 + (-6 - -29 - -1).
0
(-39 - -14) + 33 - -8
16
What is the value of 0 - (-16 - (-12 + -1 + 4)) - 19?
-12
(-5 - 7) + 29 + -1 + 8
24
Evaluate 1 + -1 - (-1 + (-4 + -9 - -6)).
8
-25 + (5 - (4 - 19))
-5
Calculate 1 - (25 + -6 + 10 - 15).
-13
Calculate (-33 - (-87 - -41)) + (0 - -1).
14
-4 + (-2 - 3) - (2 - (45 - 11))
23
What is the value of -22 - -2 - (57 - 105)?
28
Evaluate -6 + (4 - 11) - (-15 - 31).
33
Calculate 23 + -5 + (6 - 8).
16
What is 6 - (2 - (7 - 11)) - (1 + -5)?
4
-7 + -9 + -8 + -5 + 17
-12
What is the value of -6 - (31 - 14 - 16)?
-7
(35 - 42) + (-2 + 19 - (-8 + 8))
10
Calculate -61 + -5 + 32 - -65.
31
Evaluate 2 + -1 - (24 - 24).
1
Evaluate -8 + (21 - 13) + -15 + 1 + 2.
-12
Evaluate (10 + -8 + 7 - -18) + -11.
16
What is the value of (-20 - 7) + 44 + -23?
-6
What is the value of (-7 - (11 + 9) - -13) + -7?
-21
Calculate -4 - (-12 - (-26 - -8)).
-10
11 - 6 - (-11 + -1 + 6)
11
Evaluate (1 - (4 + (-4 - -2)) - 2) + -8.
-11
Evaluate -7 + (-3 - -2) - (6 + (-9 - -16)).
-21
Calculate -3 + (-6 - 1 - (-2 + -16 + -3)).
11
5 + 4 + -9 + (-21 - -31)
10
What is the value of 8 + 3 + -42 + 30?
-1
3 + (-9 - (1 + -5)) + (-5 - 1)
-8
Calculate -46 + (40 - 16) + 33.
11
Evaluate (4 - (2 - -1)) + 0 + -3 + 9.
7
What is the value of 4 + (-2 - 17) + -8 + 13 - 18?
-28
Evaluate 3 + (-5 - (-4 - 6) - 16).
-8
Calculate (21 - (68 + -23)) + 11.
-13
-1 + 7 + 4 - 16
-6
(-16 - (-30 + (28 - 23))) + (-1 - -6)
14
Evaluate 0 + (15 + -15 - (-2 - (1 - 6))).
-3
Evaluate (18 - (18 + -28)) + -18.
10
-38 - (-20 + (18 - 15))
-21
Calculate -8 - (-5 - (8 + 9 + -13)).
1
(-12 - (9 + -1)) + 2
-18
Calculate -6 - -9 - 0 - 12 - -12.
3
-17 - (18 - (-6 - 4) - 16)
-29
What is the value of 10 - (-25 - (6 + -22))?
19
(-29 - -21) + -14 + 36
14
What is 8 - (-14 + 3 + 6 + 7)?
6
Evaluate -7 + (-10 + -3 + 24 - 9).
-5
What is the value of -5 + (10 - 3) - (2 + 0 + -8)?
8
Calculate (-2 - 33) + (-10 - -51 - 32).
-26
(2 - (34 + -5 - 3)) + (-1 - -8)
-17
Calculate (-1 - 2) + -41 + 32 - -11.
-1
Calculate -8 + -4 + 40 + -25.
3
What is 5 + -22 + 14 + -9 - -12?
0
What is 6 - -5 - (5 - 1 - (4 + -10))?
1
What is the value of -372 + 385 - (-15 - 2)?
30
Evaluate (-4 - 6) + 13 + (18 - 41).
-20
What is -9 + 14 + (11 - 11)?
5
Evaluate 5 - (14 + (9 - 5) + -10).
-3
What is the value of -6 + 48 + -184 + 151?
9
Evaluate 4 + (-16 - (-2 + -11)).
1
What is the value of -12 - (6 - 22 - 9)?
13
Calculate (1 - 1 - 1) + 6 + 9 + -7.
7
(0 - (-2 - -18)) + (1 - (0 - 4))
-11
What is the value of 3 + (-2 - ((8 - -8) + -3))?
-12
(448 - 438) + (-3 - 29)
-22
Evaluate (0 - (3 - 3)) + (14 - 21) - -9.
2
Evaluate -3 - ((-4 - (3 + 7) - -4) + -1).
8
Calculate (-4 - 1) + (-30 - -48).
13
What is 21 + -10 + 8 + (-4 - 3)?
12
Evaluate -20 + 45 - (-2 + 46).
-19
Evaluate (-7 - -7) + -2 + -3 + (12 - 0).
7
Calculate 6 + -4 + -4 + 7 - (5 + -2).
2
What is (2 - 6) + (36 - (-52 + 77))?
7
(-1 - 3) + (-11 - (-15 + -7 + 10))
-3
Evaluate -2 - (-2 - -15 - (-13 + 17) - -2).
-13
(-2 - (-26 - -12)) + 3 - 33
-18
What is -3 - (2 + 4 + -33)?
24
What is -96 + 84 - (9 + 1)?
-22
-17 + 16 + 2 - (-16 + 0 + 1)
16
6 - ((6 + 2 - (-12 + 16)) + 8)
-6
(-32 - -28) + -3 + 26
19
Evaluate -14 + -20 + 3 + (38 - 21).
-14
What is 422 + -439 + (20 - -1)?
4
Evaluate -4 + 1 + (3 - 8).
-8
Evaluate 6 - (7 - 2) - (-7 - -3).
5
Evaluate -11 + (-9 + 20 + -7 - -53 - 12).
34
Evaluate (17 - 7 - 15) + -3.
-8
What is -8 - (-11 + (6 - -2) - 2)?
-3
Calculate -305 - -312 - (-1 - (6 - (1 + -2))).
15
What is 4 - (-3 + 1 + -3 + -1 - 3)?
13
What is the value of -10 + (-2 - (6 + -10) - -4)?
-4
Calculate -1 - (10 - (-10 - -26)).
5
11 + -6 + -37 + 14
-18
What is (10 - (-9 - (-6 - 8) - 1)) + -8?
-2
What is the value of (-11 - 9) + 21 - -14?
15
Calculate 1 + -3 + (43 - (-23 + 55)).
9
Evaluate 5 - (-3 + 7 + -9 + 0 + 15).
-5
Calculate 42 + -20 - (-1 - -25).
-2
Evaluate 13 + 0 + 2 - (-40 + 21 + 21).
13
Calculate 20 + 6 + (6 - 25) + (15 - 0).
22
What is -6 + (8 - -7) + -4?
5
What is (23 - 8) + -9 - (-5 - 2)?
13
What is the value of 0 - (15 + -23) - -8 - 44?
-28
-17 - (-3 + 5 + -35)
16
What is the value of -2 + 2 + -5 - (4 - 1)?
-8
Calculate 0 + 17 + 243 + -279.
-19
What is (30 - 13 - 6) + -15?
-4
What is 6 + 1 + -4 + 6?
9
What is the value of (10 + -14 - -1) + -13 - -5?
-11
What is the value of 6 + (0 - (-5 + -6 - -5)) + 13?
25
What is 13 - (2 + 24 - 21)?
8
Calculate -3 + -13 + 8 + -4.
-12
Calculate 2 - (-14 - (-10 + 1)) - -2.
9
(-35 - -39 - (14 + -2)) + -4 + 16
4
(9 - (8 + -12 + 5 + 7)) + -2
-1
Evaluate 1 + 29 + (-28 + 37 - 28) + 12.
23
What is the value of 2 - (3 + -12 - (1 - (-8 + 10)))?
10
What is the value of 15 + 6 + (-1 - -1 - (-75 - -77))?
19
-10 + (-6 - (-2 + (1 - (-3 + 1))))
-17
Calculate (13 - (10 - 2)) + -3.
2
Calculate -1 + -4 + (4 - -4 - 15) + -7.
-19
Evaluate (29 - -5) + 7 - 22.
19
What is 36 + -4 + (-27 - (-39 + 22))?
22
(-1 - -2 - (-2 + 18)) + (905 - 911)
-21
What is (-3 - -18) + -7 + -13?
-5
What is -49 + (45 - (7 - -9))?
-20
Evaluate 9 - (2 + 1 + (14 - 12)).
4
Evaluate (-10 + 3 - (5 + -6 + -35)) + -9.
20
Evaluate 32 + (-29 - -26 - 2).
27
-25 + (-6 - -34) + -1 + 9
11
10 - 14 - (-2 + -1 + 8) - -30
21
What is -5 - ((-12 - -7 - 25) + 12)?
13
What is the value of (0 - (11 + 3) - 